 g(3)?
2
Let i(v) = 2*v + 8. Calculate i(-5).
-2
Let h(c) = -2*c**2 - 9*c + 3. What is h(6)?
-123
Let v(l) = -l**2 - 29*l - 31. Determine v(-26).
47
Let m(f) = -f + 2. Determine m(-9).
11
Let q(v) = 13*v - 1. Calculate q(1).
12
Let o(f) = -4*f + 48. What is o(11)?
4
Let n(s) = s**3 - 7*s**2 + 10. Give n(7).
10
Let j(f) = -2*f**2 - 6*f + 3. Give j(-4).
-5
Let i(a) = a - 14. Give i(0).
-14
Let u(d) = -13*d - 293. Give u(-23).
6
Let m(d) = 10*d**3 + 9*d**2 + 3*d - 4. Give m(-1).
-8
Let z(j) = -j**3 - 15*j**2 + 13*j. What is z(-16)?
48
Let s(n) = -12*n + 28. What is s(3)?
-8
Let s(c) = -c**3 + 10*c**2 + c - 5. Give s(10).
5
Let o(j) = -j**3 - 4*j**2 + 39*j + 52. What is o(-8)?
-4
Let x(w) = -w**3 - 9*w**2 + 22*w - 8. Give x(-11).
-8
Let p(n) = -3*n**3 + 2*n**2 - 3*n - 3. Give p(-2).
35
Let w(b) = b**2 + 20*b - 33. Give w(-21).
-12
Let o(k) = -2*k**2 + k + 6. Determine o(0).
6
Let m(r) = -r**3 - r**2 + 7. Calculate m(0).
7
Let m(d) = d**3 - 6*d**2 + d - 4. Calculate m(4).
-32
Let j(o) = 2*o - 13. Give j(-10).
-33
Let y(h) = -7*h**2 + 3*h - 1. Calculate y(2).
-23
Let z(m) = -m**2 - 38*m - 330. Give z(-13).
-5
Let c(b) = -b**3 + 16*b**2 - 27*b + 13. What is c(14)?
27
Let v(k) = -15*k + 91. Give v(9).
-44
Let p(z) = 4*z - 33. What is p(10)?
7
Let k(s) = -2*s**3 + 2*s**2 - 4*s + 2. Determine k(3).
-46
Let l(r) = 7*r**3 + 2*r**2 + 4*r + 2. Determine l(-1).
-7
Let p(g) = -16*g + 122. What is p(8)?
-6
Let z(v) = -v**3 - 5*v**2 + 4*v - 8. What is z(-6)?
4
Let i(g) = 2*g**2 + 86*g + 508. What is i(-7)?
4
Let u(w) = -2*w + 44. Determine u(21).
2
Let m(j) = -3*j + 12. Give m(-9).
39
Let b(x) = -x**2 - 14*x - 20. Calculate b(-12).
4
Let s(n) = 15*n - 46. Determine s(-5).
-121
Let t(p) = p**3 - 7*p**2 - p - 3. What is t(7)?
-10
Let i(h) = h**3 - 8*h**2 + 13. What is i(8)?
13
Let c(j) = 2*j + 13. Calculate c(-10).
-7
Let s(w) = -13*w**3 - 4*w**2 - w + 2. Give s(-2).
92
Let i(s) = s**2 - 5*s + 1. Determine i(5).
1
Let c(g) = -3*g**3 - 3*g**2 + 12*g - 3. Determine c(2).
-15
Let s(q) = 2*q - 11. What is s(10)?
9
Let h(p) = p**3 + 3*p**2 - 16*p - 4. Give h(-5).
26
Let d(v) = -4*v + 12. Calculate d(-17).
80
Let p(l) = 6*l - 21. Determine p(6).
15
Let i(y) = -y + 11. What is i(0)?
11
Let z(j) = -30*j - 389. What is z(-13)?
1
Let u(h) = -h**3 + 2*h**2 + 2*h - 2. Calculate u(2).
2
Let d(z) = z**2 - 11*z - 5. What is d(11)?
-5
Let u(r) = -48*r - 8. Calculate u(-1).
40
Let z(v) = -4*v**2 - 4*v + 5. Give z(-4).
-43
Let d(y) = 4*y - 18. Calculate d(6).
6
Let f(b) = b**3 + 4*b**2 - 4*b - 2. Calculate f(-6).
-50
Let o(j) = -j**2 + 12*j - 49. Calculate o(9).
-22
Let c(a) = 2*a**2 - 27*a - 23. Give c(14).
-9
Let l(m) = 4*m + 4. Give l(0).
4
Let x(j) = -j**2 - j. What is x(-1)?
0
Let x(d) = -d**3 - 8*d**2 - 8*d - 8. Give x(-7).
-1
Let q(w) = w**2 + 12*w - 50. What is q(-15)?
-5
Let o(s) = -34*s - 387. Calculate o(-11).
-13
Let o(w) = -14*w. What is o(-1)?
14
Let d(o) = o**2 - o + 1. Determine d(1).
1
Let n(h) = h**3 + 8*h**2 - 6. Give n(-8).
-6
Let x(f) = -13*f - 483. What is x(-37)?
-2
Let g(b) = -b**2 - 3*b + 17. Determine g(-8).
-23
Let w(g) = -g**2 - 21*g - 6. What is w(-15)?
84
Let g(r) = r**2 - r + 1. Give g(6).
31
Let f(c) = -c**2 + 9*c - 6. Calculate f(4).
14
Let q(u) = -u**3 - 4*u**2 - 3*u + 5. Calculate q(-4).
17
Let x(m) = 27*m**2 - 2*m. Determine x(-1).
29
Let h(m) = 5*m - 13. Determine h(5).
12
Let k(t) = -t**3 + 8*t**2 + 17. What is k(6)?
89
Let o(d) = -3*d - 21. Give o(-8).
3
Let f(d) = d**3 + d**2 - 9*d - 11. Give f(-5).
-66
Let h(y) = -y**2 - y + 11. Give h(7).
-45
Let i(m) = -m**3 - 11*m**2 + m - 8. What is i(-11)?
-19
Let l(o) = 3*o - 10. Give l(-10).
-40
Let u(o) = -3*o - 13. Determine u(-4).
-1
Let g(b) = b**3 - 10*b**2 - 6*b - 1. Give g(10).
-61
Let z(h) = h**2 - 5*h - 14. Give z(6).
-8
Let t(r) = -r**2 + 46. Give t(-7).
-3
Let f(b) = -b**3 + 5*b**2 + 66*b - 276. Calculate f(4).
4
Let f(u) = -u**2 - 17*u + 112. Determine f(-22).
2
Let s(q) = q**3 - 6*q**2 + 6*q + 20. What is s(6)?
56
Let d(c) = 3*c + 31. Give d(-13).
-8
Let u(b) = -b**2 + 2*b + 8. What is u(0)?
8
Let g(f) = -3*f**2 + 19*f + 10. What is g(6)?
16
Let a(l) = 6*l - 16. Calculate a(-7).
-58
Let h(u) = 48*u + 385. Calculate h(-8).
1
Let u(d) = 2*d**2 + d - 2. Give u(-3).
13
Let r(u) = -u**3 - 7*u**2 + 6*u + 13. Calculate r(-4).
-59
Let n(r) = -r**3 - 12*r**2 - 9*r + 12. Calculate n(-11).
-10
Let p(f) = f**2 + 11*f - 6. What is p(-6)?
-36
Let o(q) = -6*q + 8. Determine o(2).
-4
Let p(u) = u**3 - 9*u**2 + 8*u - 8. Calculate p(8).
-8
Let x(i) = -5*i + 84. Calculate x(22).
-26
Let l(c) = -c - 9. Calculate l(-8).
-1
Let u(j) = j**3 + 5*j**2 - j + 2. Give u(-5).
7
Let w(u) = -u**2 + u + 4. Give w(-3).
-8
Let p(w) = -2*w + 28. Give p(11).
6
Let f(u) = -2*u**3 + 16*u**2 - 9*u + 10. What is f(6)?
100
Let f(q) = q**3 + 4*q**2 + 3*q - 4. What is f(-3)?
-4
Let b(n) = -10*n**3 - n**2 + 2. Give b(2).
-82
Let h(x) = -x**3 - 4*x + 5. Give h(3).
-34
Let m(y) = 7*y + 1. Calculate m(-2).
-13
Let g(b) = b**2 - 14*b + 39. Give g(11).
6
Let h(g) = g**3 - 3*g**2 - 3*g - 5. What is h(-2)?
-19
Let v(n) = -n**2 + 22*n - 4. Determine v(15).
101
Let w(v) = -4*v**2 + 19*v + 6. Give w(5).
1
Let m(s) = -s**3 + 45*s**2 + 2*s - 82. What is m(45)?
8
Let g(o) = -13*o + 75. What is g(7)?
-16
Let s(g) = -g**2 - 22*g - 38. Determine s(-20).
2
Let y(i) = -i**2 + 14*i + 22. What is y(15)?
7
Let o(g) = -4*g - 26. Give o(-13).
26
Let y(j) = -2*j**2 - 80*j - 71. What is y(-39)?
7
Let v(u) = -4*u + 22. Determine v(5).
2
Let h(j) = -j**3 + 4*j**2 - 2*j - 6. Give h(3).
-3
Let h(p) = -p + 8. Give h(0).
8
Let l(w) = 8*w - 12. Calculate l(-8).
-76
Let h(i) = i + 2. What is h(5)?
7
Let i(o) = -9*o - 10. Calculate i(-6).
44
Let c(g) = g**3 + 9*g**2 + g - 10. Calculate c(-9).
-19
Let y(k) = k**2 - 5*k. Give y(6).
6
Let v(a) = -a**3 - 3*a**2 + 5*a + 5. Give v(-3).
-10
Let h(p) = 3*p + 11. Determine h(-8).
-13
Let w(o) = 5*o**2 + o + 2. What is w(1)?
8
Let p(w) = 9*w**3 + w**2 - 4*w + 4. What is p(2)?
72
Let u(l) = -l**3 - 5*l**2 + l - 4. What is u(-4)?
-24
Let d(t) = -2*t**3 + 4*t**2 + t - 1. Give d(3).
-16
Let o(g) = -14*g + 82. Determine o(6).
-2
Let n(g) = -2*g**2 + 6*g - 11. Give n(2).
-7
Let x(p) = -p**3 + 3*p**2 + 22*p - 38. Give x(6).
-14
Let b(u) = 26*u**2 + 54*u + 1. What is b(-2)?
-3
Let i(r) = -r**3 + 7*r**2 - 5*r - 5. Calculate i(6).
1
Let l(m) = m**2 - 4*m - 7. Give l(7).
14
Let x(c) = -c**3 - 14*c**2 - 2*c - 38. Give x(-14).
-10
Let q(n) = 3*n + 5. Give q(-3).
-4
Let p(r) = 3*r + 48. What is p(12)?
84
Let h(u) = -63*u + 352. Determine h(6).
-26
Let r(m) = -m**2 + 15*m + 1. Give r(15).
1
Let l(q) = 2*q. Calculate l(14).
28
Let n(s) = s**3 - 16*s**2 + 8. Give n(16).
8
Let u(z) = -5*z + 19. What is u(5)?
-6
Let o(w) = -w - 3. What is o(11)?
-14
Let g(h) = 3*h**2 - 5*h + 4. What is g(2)?
6
Let u(c) = c**3 - 5*c**2 - 4*c + 2. Give u(5).
-18
Let i(q) = -5*q**2 - 32*q + 4. What is i(-6)?
16
Let q(i) = 2*i - 1. Give q(4).
7
Let n(j) = -2*j**2 - j - 1. Give n(-4).
-29
Let o(j) = j + 23. What is o(-28)?
-5
Let d(x) = -13*x. Determine d(-1).
13
Let g(p) = 5*p - 13. What is g(5)?
12
Let a(y) = y**3 + 9*y**2 - 9*y + 2. What is a(-10)?
-8
Let k(u) = 6*u. Determine k(1).
6
Let y(p) = -p**3 + 18*p**2 + p - 9. Determine y(18).
9
Let k(f) = 2*f**2 - 61*f - 35. Determine k(31).
-4
Let n(q) = 156*q**2 + 2*q - 2. Determine n(1).
156
Let m(u) = -u**3 + 2*u**2 + 9*u + 2. Calculate m(5).
-28
Let v(s) = -s**3 - 6*s**2 - 4*s + 1. Determine v(-2).
-7
Let z(u) = -2*u**2 - 5*u + 4. What is z(-4)?
-8
Let q(s) = s**3 + 2*s**2 - 2*s + 2. What is q(0)?
2
Let a(c) = -c**2 + 14*c - 7. What is a(14)?
-7
Let n(u) = -3*u**2 - 37*u - 8. What is n(-12)?
4
Let u(m) = -m**2 - 22*m - 55. What is u(-20)?
-15
Let r(g) = -g**3 - 10*g**2 - g + 10. What is r(-10)?
20
Let v(m) = 6*m - 31. What is v(8)?
17
Let q(i) = -i**2 + 51*i + 324. Determine q(57).
-18
Let k(l) = -l**2 - l + 1. Determine k(-3).
-5
Let y(p) = p**3 - 10*p**2 + 2*p - 14. Calculate y(10).
6
Let z(w) = w - 5. Give z(15).
10
Let z(t) = 8*t**2 - 3*t - 1. Calculate z(-2).
37
Let m(y) = -y**2 + 2*y + 1. Determine m(5).
-14
Let r(z) = -z**2 - 27*z - 36. Calculate r(-24).
36
Let w(s) = 159*s**2 - 4*s + 4. Give w(1).
159
Let u(b) = b**2 - 13*b - 4. Calculate u(14).
10
Let o(a) = a**3 + 20*a**2 - 45*a - 10. Determine o(